and 31388.
532
Calculate the greatest common divisor of 7167488 and 1536.
512
What is the greatest common factor of 78216 and 2232?
24
Calculate the greatest common divisor of 1585947 and 16266756.
6171
Calculate the highest common divisor of 306 and 2596500729.
153
Calculate the highest common divisor of 32655303 and 199.
199
Calculate the highest common factor of 20841499 and 6251.
133
Calculate the greatest common divisor of 14062 and 6814.
2
What is the greatest common factor of 132 and 902537306?
22
Calculate the greatest common divisor of 747235 and 27081.
1003
What is the greatest common factor of 47775140 and 2005?
2005
What is the greatest common factor of 78 and 63573861?
39
What is the greatest common factor of 265 and 4665?
5
Calculate the highest common divisor of 13325438 and 50148.
2786
Calculate the greatest common factor of 78 and 41880462.
78
Calculate the greatest common divisor of 48030788 and 41756.
3796
Calculate the greatest common divisor of 16860 and 90201.
843
What is the highest common factor of 2511 and 4911?
3
Calculate the highest common divisor of 9 and 4423071.
3
What is the highest common factor of 258080514 and 236?
118
What is the greatest common factor of 100 and 1284920?
20
What is the greatest common divisor of 18330715 and 20?
5
Calculate the greatest common divisor of 286 and 1535742.
26
Calculate the greatest common divisor of 993614 and 32086.
526
Calculate the highest common factor of 3300 and 492300.
300
Calculate the greatest common divisor of 2791779924 and 426.
426
What is the highest common divisor of 46002 and 2626602?
1122
Calculate the highest common factor of 12 and 108597759.
3
Calculate the highest common divisor of 27 and 1511247852.
9
Calculate the greatest common factor of 4152 and 745821684.
2076
Calculate the greatest common divisor of 301 and 484240673.
301
What is the greatest common divisor of 1138403406 and 42?
42
Calculate the highest common factor of 479024 and 26111696.
9776
What is the greatest common factor of 14820 and 510276?
156
What is the greatest common factor of 1318120 and 4464?
248
What is the highest common factor of 716342 and 33?
11
Calculate the greatest common divisor of 917620760 and 560.
280
Calculate the greatest common divisor of 131188 and 5820.
4
Calculate the highest common factor of 207 and 44645116.
23
Calculate the highest common factor of 666 and 5105112.
222
What is the greatest common divisor of 630174 and 2156460?
762
Calculate the highest common factor of 264120 and 12555.
465
What is the highest common divisor of 8303 and 7974851?
361
Calculate the highest common factor of 126 and 280153146.
42
Calculate the greatest common factor of 276 and 12721680.
12
What is the greatest common factor of 384 and 10322664?
24
What is the greatest common factor of 51535152 and 1296?
144
What is the greatest common factor of 4776 and 8709?
3
What is the highest common divisor of 122062149 and 1221?
1221
Calculate the greatest common factor of 5945319 and 27.
27
Calculate the greatest common factor of 21971 and 229571.
173
Calculate the highest common factor of 19854 and 24369682.
2206
Calculate the greatest common divisor of 20 and 47094230.
10
What is the highest common factor of 2047 and 157379501?
2047
What is the highest common factor of 66 and 155447930?
22
What is the highest common divisor of 3064607 and 3887288?
4811
What is the highest common factor of 30240 and 28624?
16
What is the greatest common factor of 141960 and 964990?
1690
Calculate the highest common factor of 674810 and 11290.
10
What is the highest common divisor of 92552 and 39467392?
4024
Calculate the greatest common factor of 360 and 180090.
90
Calculate the greatest common factor of 1409 and 580982833.
1409
Calculate the greatest common factor of 2580 and 78168840.
2580
What is the greatest common divisor of 255374 and 2924?
34
What is the greatest common divisor of 7 and 1030167397?
7
What is the greatest common divisor of 54073200 and 25?
25
Calculate the highest common factor of 1825212 and 5448.
12
Calculate the greatest common divisor of 1965921 and 70221.
267
Calculate the greatest common factor of 1807 and 796289.
13
What is the highest common factor of 1 and 455977603?
1
What is the greatest common divisor of 141778 and 316407?
1729
Calculate the highest common factor of 24662495 and 2394535.
12155
What is the highest common factor of 1700237 and 4043?
311
What is the greatest common divisor of 9745942 and 717?
239
Calculate the greatest common divisor of 49220392 and 8.
8
Calculate the greatest common factor of 1088661 and 558642.
987
Calculate the highest common divisor of 15 and 512703.
3
Calculate the greatest common divisor of 30930 and 12130.
10
What is the greatest common divisor of 32 and 217830576?
16
Calculate the greatest common factor of 9813056 and 30508.
1052
Calculate the greatest common divisor of 5166 and 5437656.
126
Calculate the greatest common divisor of 10787 and 600047.
161
What is the highest common factor of 646 and 632536?
34
Calculate the greatest common factor of 280 and 11586620.
20
Calculate the highest common divisor of 2504 and 62618.
2
What is the greatest common divisor of 101567109 and 29748?
7437
What is the highest common factor of 143455180 and 4590?
170
What is the greatest common factor of 9270 and 688563?
9
Calculate the highest common divisor of 10 and 2253738290.
10
Calculate the highest common divisor of 36192008 and 17840.
1784
What is the greatest common divisor of 4747 and 7481272?
4747
Calculate the greatest common divisor of 62663 and 128417.
281
What is the greatest common divisor of 18 and 25918857?
9
What is the highest common factor of 19224 and 2699192?
712
What is the highest common factor of 32000 and 102125?
125
Calculate the highest common divisor of 8467959 and 1647.
183
Calculate the highest common divisor of 9167 and 90304117.
9167
What is the highest common factor of 2945815 and 735?
5
What is the greatest common factor of 84 and 246149952?
12
What is the greatest common divisor of 115659 and 40186?
71
Calculate the greatest common factor of 220 and 885446540.
220
What is the greatest common factor of 42 and 68656623?
21
Calculate the highest common divisor of 683991 and 890379.
1323
Calculate the greatest common divisor of 14579582 and 146696.
3334
What is the greatest common divisor of 11 and 596081959?
11
What is the greatest common divisor of 272497 and 1373628?
1013
What is the highest common divisor of 6717 and 110373?
3
Calculate the highest common factor of 6318146 and 2622.
874
What is the highest common divisor of 1636 and 17405813?
409
What is the greatest common divisor of 9666650 and 12950?
350
What is the highest common divisor of 134850240 and 21?
21
Calculate the highest common divisor of 7688511 and 6111.
873
Calculate the highest common factor of 12672 and 4347024.
528
What is the greatest common factor of 14976 and 18540054?
234
Calculate the greatest common factor of 1500 and 156255.
15
What is the greatest common factor of 34632 and 16861?
13
What is the greatest common factor of 7107195 and 105?
15
Calculate the highest common factor of 1555810 and 110.
10
Calculate the greatest common divisor of 20881 and 28994.
133
What is the greatest common factor of 17182419 and 14823?
183
What is the greatest common divisor of 996 and 11877549?
249
Calculate the greatest common factor of 30893454 and 18.
18
Calculate the highest common factor of 424845 and 3375.
135
What is the highest common divisor of 258 and 15936192?
6
What is the highest common factor of 1584600 and 110505?
2085
Calculate the highest common factor of 316486462 and 1047.
349
Calculate the greatest common factor of 3588802 and 28.
14
What is the greatest common factor of 238 and 16741039?
119
What is the greatest common divisor of 311222 and 11094299?
2551
What is the highest common factor of 260 and 336371048?
52
What is the greatest common divisor of 1104367 and 1111?
11
Calculate the greatest common factor of 70 and 4645570.
10
Calculate the highest common factor of 13546 and 3787670.
1042
What is the highest common factor of 209 and 10823516?
11
Calculate the greatest common divisor of 866104 and 132.
4
What is the greatest comm